{"id":599,"date":"2023-11-08T10:36:56","date_gmt":"2023-11-08T10:36:56","guid":{"rendered":"https:\/\/fortnet.hr\/?page_id=599"},"modified":"2025-09-18T02:31:26","modified_gmt":"2025-09-18T02:31:26","slug":"elektroinstalacije","status":"publish","type":"page","link":"https:\/\/fortnet.hr\/index.php\/elektroinstalacije\/","title":{"rendered":"Elektroinstalacije"},"content":{"rendered":"\t\t<div data-elementor-type=\"wp-page\" data-elementor-id=\"599\" class=\"elementor elementor-599\">\n\t\t\t\t\t\t\t<div class=\"elementor-element elementor-element-3a77f81 e-flex e-con-boxed e-con e-parent\" data-id=\"3a77f81\" data-element_type=\"container\" data-settings=\"{&quot;content_width&quot;:&quot;boxed&quot;}\" data-core-v316-plus=\"true\">\n\t\t\t\t\t<div class=\"e-con-inner\">\n\t\t\t\t<div class=\"elementor-element elementor-element-2bf9f3c elementor-widget elementor-widget-image\" data-id=\"2bf9f3c\" data-element_type=\"widget\" data-widget_type=\"image.default\">\n\t\t\t\t<div class=\"elementor-widget-container\">\n\t\t\t<style>\/*! elementor - v3.17.0 - 01-11-2023 *\/\n.elementor-widget-image{text-align:center}.elementor-widget-image a{display:inline-block}.elementor-widget-image a img[src$=\".svg\"]{width:48px}.elementor-widget-image img{vertical-align:middle;display:inline-block}<\/style>\t\t\t\t\t\t\t\t\t\t\t\t<img fetchpriority=\"high\" decoding=\"async\" width=\"1024\" height=\"682\" src=\"https:\/\/fortnet.hr\/wp-content\/uploads\/2023\/11\/elektoinstalacije-page-1024x682.jpg\" class=\"attachment-large size-large wp-image-602\" alt=\"\" srcset=\"https:\/\/fortnet.hr\/wp-content\/uploads\/2023\/11\/elektoinstalacije-page-1024x682.jpg 1024w, https:\/\/fortnet.hr\/wp-content\/uploads\/2023\/11\/elektoinstalacije-page-600x399.jpg 600w, https:\/\/fortnet.hr\/wp-content\/uploads\/2023\/11\/elektoinstalacije-page-300x200.jpg 300w, https:\/\/fortnet.hr\/wp-content\/uploads\/2023\/11\/elektoinstalacije-page-768x511.jpg 768w, https:\/\/fortnet.hr\/wp-content\/uploads\/2023\/11\/elektoinstalacije-page.jpg 1196w\" sizes=\"(max-width: 1024px) 100vw, 1024px\" \/>\t\t\t\t\t\t\t\t\t\t\t\t\t\t\t<\/div>\n\t\t\t\t<\/div>\n\t\t\t\t\t<\/div>\n\t\t\t\t<\/div>\n\t\t<div class=\"elementor-element elementor-element-54423da e-flex e-con-boxed e-con e-parent\" data-id=\"54423da\" data-element_type=\"container\" data-settings=\"{&quot;content_width&quot;:&quot;boxed&quot;}\" data-core-v316-plus=\"true\">\n\t\t\t\t\t<div class=\"e-con-inner\">\n\t\t\t\t<div class=\"elementor-element elementor-element-107d339 elementor-widget elementor-widget-text-editor\" data-id=\"107d339\" data-element_type=\"widget\" data-widget_type=\"text-editor.default\">\n\t\t\t\t<div class=\"elementor-widget-container\">\n\t\t\t<style>\/*! elementor - v3.17.0 - 01-11-2023 *\/\n.elementor-widget-text-editor.elementor-drop-cap-view-stacked .elementor-drop-cap{background-color:#69727d;color:#fff}.elementor-widget-text-editor.elementor-drop-cap-view-framed .elementor-drop-cap{color:#69727d;border:3px solid;background-color:transparent}.elementor-widget-text-editor:not(.elementor-drop-cap-view-default) .elementor-drop-cap{margin-top:8px}.elementor-widget-text-editor:not(.elementor-drop-cap-view-default) .elementor-drop-cap-letter{width:1em;height:1em}.elementor-widget-text-editor .elementor-drop-cap{float:left;text-align:center;line-height:1;font-size:50px}.elementor-widget-text-editor .elementor-drop-cap-letter{display:inline-block}<\/style>\t\t\t\t<div id=\"Cntnr6\" class=\"hFQZVn Cntnr6\"><div class=\"nTiihL wixui-box\" data-testid=\"container-bg\">\u00a0<\/div><div class=\"\" data-mesh-id=\"Cntnr6inlineContent\" data-testid=\"inline-content\"><div data-mesh-id=\"Cntnr6inlineContent-gridContainer\" data-testid=\"mesh-container-content\"><div id=\"WRchTxt5\" class=\"KcpHeO tz5f0K WRchTxt5 wixui-rich-text\" data-testid=\"richTextElement\"><p class=\"font_8 wixui-rich-text__text\"><span class=\"wixui-rich-text__text\"><span class=\"color_45 wixui-rich-text__text\"><span class=\"color_36 wixui-rich-text__text\">Elektroinstalacije<\/span><\/span><\/span><\/p><\/div><\/div><\/div><\/div><div id=\"WPht7\" class=\"MazNVa WPht7 wixui-image\"><div class=\"j7pOnl\" data-testid=\"linkElement\">\u00a0<\/div><\/div><div id=\"WRchTxtb\" class=\"KcpHeO tz5f0K WRchTxtb wixui-rich-text\" data-testid=\"richTextElement\"><p class=\"font_8 wixui-rich-text__text\"><span class=\"wixui-rich-text__text\">Na\u0161 tim stru\u010dnjaka izvodi radove elektroinstalacija, koje su sigurne, u\u010dinkovite i u skladu s industrijskim standardima. Bez obzira trebate li elektri\u010dne instalacije za svoj dom ili poslovanje, nudimo prilago\u0111ena rje\u0161enja koja zadovoljavaju va\u0161e specifi\u010dne zahtjeve.<\/span><\/p><\/div>\t\t\t\t\t\t<\/div>\n\t\t\t\t<\/div>\n\t\t\t\t\t<\/div>\n\t\t\t\t<\/div>\n\t\t\t\t\t\t\t<\/div>\n\t\t","protected":false},"excerpt":{"rendered":"<p>\u00a0 Elektroinstalacije \u00a0 Na\u0161 tim stru\u010dnjaka izvodi radove elektroinstalacija, koje su sigurne, u\u010dinkovite i u skladu s industrijskim standardima. Bez obzira trebate li elektri\u010dne instalacije za svoj dom ili poslovanje, nudimo prilago\u0111ena rje\u0161enja koja zadovoljavaju va\u0161e specifi\u010dne zahtjeve.<\/p>\n","protected":false},"author":1,"featured_media":0,"parent":0,"menu_order":0,"comment_status":"closed","ping_status":"closed","template":"","meta":{"om_disable_all_campaigns":false,"_monsterinsights_skip_tracking":false,"_monsterinsights_sitenote_active":false,"_monsterinsights_sitenote_note":"","_monsterinsights_sitenote_category":0,"footnotes":""},"class_list":["post-599","page","type-page","status-publish","hentry","entry"],"aioseo_notices":[],"jetpack_sharing_enabled":true,"_links":{"self":[{"href":"https:\/\/fortnet.hr\/index.php\/wp-json\/wp\/v2\/pages\/599","targetHints":{"allow":["GET"]}}],"collection":[{"href":"https:\/\/fortnet.hr\/index.php\/wp-json\/wp\/v2\/pages"}],"about":[{"href":"https:\/\/fortnet.hr\/index.php\/wp-json\/wp\/v2\/types\/page"}],"author":[{"embeddable":true,"href":"https:\/\/fortnet.hr\/index.php\/wp-json\/wp\/v2\/users\/1"}],"replies":[{"embeddable":true,"href":"https:\/\/fortnet.hr\/index.php\/wp-json\/wp\/v2\/comments?post=599"}],"version-history":[{"count":13,"href":"https:\/\/fortnet.hr\/index.php\/wp-json\/wp\/v2\/pages\/599\/revisions"}],"predecessor-version":[{"id":1123,"href":"https:\/\/fortnet.hr\/index.php\/wp-json\/wp\/v2\/pages\/599\/revisions\/1123"}],"wp:attachment":[{"href":"https:\/\/fortnet.hr\/index.php\/wp-json\/wp\/v2\/media?parent=599"}],"curies":[{"name":"wp","href":"https:\/\/api.w.org\/{rel}","templated":true}]}}