{"id":692,"date":"2023-11-08T12:12:06","date_gmt":"2023-11-08T12:12:06","guid":{"rendered":"https:\/\/fortnet.hr\/?page_id=692"},"modified":"2023-12-05T19:29:19","modified_gmt":"2023-12-05T19:29:19","slug":"e-mobilnost-e-punjaci","status":"publish","type":"page","link":"https:\/\/fortnet.hr\/index.php\/e-mobilnost-e-punjaci\/","title":{"rendered":"Oprema za EV | e-Punja\u010di"},"content":{"rendered":"\t\t<div data-elementor-type=\"wp-page\" data-elementor-id=\"692\" class=\"elementor elementor-692\">\n\t\t\t\t\t\t\t<div class=\"elementor-element elementor-element-95658d6 e-flex e-con-boxed e-con e-parent\" data-id=\"95658d6\" data-element_type=\"container\" data-settings=\"{&quot;content_width&quot;:&quot;boxed&quot;}\" data-core-v316-plus=\"true\">\n\t\t\t\t\t<div class=\"e-con-inner\">\n\t\t\t\t<div class=\"elementor-element elementor-element-435c146 elementor-widget elementor-widget-image\" data-id=\"435c146\" data-element_type=\"widget\" data-widget_type=\"image.default\">\n\t\t\t\t<div class=\"elementor-widget-container\">\n\t\t\t<style>\/*! elementor - v3.17.0 - 01-11-2023 *\/\n.elementor-widget-image{text-align:center}.elementor-widget-image a{display:inline-block}.elementor-widget-image a img[src$=\".svg\"]{width:48px}.elementor-widget-image img{vertical-align:middle;display:inline-block}<\/style>\t\t\t\t\t\t\t\t\t\t\t\t<img fetchpriority=\"high\" decoding=\"async\" width=\"845\" height=\"475\" src=\"https:\/\/fortnet.hr\/wp-content\/uploads\/2023\/11\/e-mobilnost-1.jpg\" class=\"attachment-large size-large wp-image-697\" alt=\"\" srcset=\"https:\/\/fortnet.hr\/wp-content\/uploads\/2023\/11\/e-mobilnost-1.jpg 845w, https:\/\/fortnet.hr\/wp-content\/uploads\/2023\/11\/e-mobilnost-1-600x337.jpg 600w, https:\/\/fortnet.hr\/wp-content\/uploads\/2023\/11\/e-mobilnost-1-300x169.jpg 300w, https:\/\/fortnet.hr\/wp-content\/uploads\/2023\/11\/e-mobilnost-1-768x432.jpg 768w, https:\/\/fortnet.hr\/wp-content\/uploads\/2023\/11\/e-mobilnost-1-800x450.jpg 800w\" sizes=\"(max-width: 845px) 100vw, 845px\" \/>\t\t\t\t\t\t\t\t\t\t\t\t\t\t\t<\/div>\n\t\t\t\t<\/div>\n\t\t\t\t\t<\/div>\n\t\t\t\t<\/div>\n\t\t<div class=\"elementor-element elementor-element-3d8dc24 e-flex e-con-boxed e-con e-parent\" data-id=\"3d8dc24\" data-element_type=\"container\" data-settings=\"{&quot;content_width&quot;:&quot;boxed&quot;}\" data-core-v316-plus=\"true\">\n\t\t\t\t\t<div class=\"e-con-inner\">\n\t\t\t\t<div class=\"elementor-element elementor-element-f1b87f2 elementor-widget elementor-widget-text-editor\" data-id=\"f1b87f2\" data-element_type=\"widget\" data-widget_type=\"text-editor.default\">\n\t\t\t\t<div class=\"elementor-widget-container\">\n\t\t\t<style>\/*! elementor - v3.17.0 - 01-11-2023 *\/\n.elementor-widget-text-editor.elementor-drop-cap-view-stacked .elementor-drop-cap{background-color:#69727d;color:#fff}.elementor-widget-text-editor.elementor-drop-cap-view-framed .elementor-drop-cap{color:#69727d;border:3px solid;background-color:transparent}.elementor-widget-text-editor:not(.elementor-drop-cap-view-default) .elementor-drop-cap{margin-top:8px}.elementor-widget-text-editor:not(.elementor-drop-cap-view-default) .elementor-drop-cap-letter{width:1em;height:1em}.elementor-widget-text-editor .elementor-drop-cap{float:left;text-align:center;line-height:1;font-size:50px}.elementor-widget-text-editor .elementor-drop-cap-letter{display:inline-block}<\/style>\t\t\t\t<p class=\"font_8 wixui-rich-text__text\">U posljednjih nekoliko godina, sve ve\u0107i broj ljudi prelazi na elektri\u010dna vozila zbog njihove ekolo\u0161ke prihvatljivosti i ni\u017ee cijene goriva. Me\u0111utim, jedan od izazova koji se javljaju kod vlasni\u0161tva nad elektri\u010dnim vozilima je pronalazak mjesta za punjenje.<\/p><p class=\"font_8 wixui-rich-text__text\">Upravo zato, nudimo vam prodaju i ugradnju punja\u010da za elektri\u010dna vozila, kablova za punjenje elektri\u010dnih vozila i kablova za punjenje sa mjera\u010dem potro\u0161ene elektri\u010dne energije.<\/p><p class=\"font_8 wixui-rich-text__text\">Punja\u010di za elektri\u010dna vozila su ure\u0111aji koji se koriste za punjenje baterija elektri\u010dnih vozila. Postoje razli\u010diti tipovi punja\u010da, a mi vam nudimo najnovije modele koji su brzi, sigurni i jednostavni za kori\u0161tenje. Na\u0161i stru\u010dnjaci \u0107e vam pomo\u0107i u odabiru najboljeg punja\u010da za va\u0161e vozilo i osigurati da se ugradi na siguran i funkcionalan na\u010din.<\/p><p class=\"font_8 wixui-rich-text__text\">Kablovi za punjenje elektri\u010dnih vozila su potrebni kako bi se spojili punja\u010di s vozilima. Na\u0161i kablovi su visokokvalitetni, dugotrajni i sigurni za kori\u0161tenje. Uz to, nudimo vam i kablove za punjenje sa mjera\u010dem potro\u0161ene elektri\u010dne energije. Ovi kablovi omogu\u0107uju pra\u0107enje potro\u0161nje elektri\u010dne energije tijekom punjenja, \u0161to vam omogu\u0107uje da optimizirate potro\u0161nju i smanjite tro\u0161kove.<\/p><p class=\"font_8 wixui-rich-text__text\">Uz prodaju, nudimo i uslugu ugradnje punja\u010da za elektri\u010dna vozila, kablova za punjenje elektri\u010dnih vozila i kablova za punjenje sa mjera\u010dem potro\u0161ene elektri\u010dne energije. Na\u0161i stru\u010dnjaci \u0107e vam pomo\u0107i u odabiru najboljeg mjesta za ugradnju, osigurati da se ure\u0111aji ugrade na siguran i funkcionalan na\u010din, te vam pru\u017eiti sve potrebne informacije o kori\u0161tenju.<\/p><p class=\"font_8 wixui-rich-text__text\">Uz to, nudimo vam i uslugu odr\u017eavanja i popravka va\u0161ih punja\u010da i kablova za punjenje elektri\u010dnih vozila. Na\u0161i stru\u010dnjaci \u0107e vam pomo\u0107i u odr\u017eavanju va\u0161ih ure\u0111aja u najboljem mogu\u0107em stanju, te \u0107e izvr\u0161iti sve potrebne popravke ako do\u0111e do kvara.<\/p><p class=\"font_8 wixui-rich-text__text\">Ukratko, nudimo vam sve \u0161to vam je potrebno za sigurno, brzo i jednostavno punjenje va\u0161eg elektri\u010dnog vozila. Kontaktirajte nas za sve dodatne informacije o na\u0161im proizvodima i uslugama, te za cijene<\/p>\t\t\t\t\t\t<\/div>\n\t\t\t\t<\/div>\n\t\t\t\t\t<\/div>\n\t\t\t\t<\/div>\n\t\t\t\t\t\t\t<\/div>\n\t\t","protected":false},"excerpt":{"rendered":"<p>U posljednjih nekoliko godina, sve ve\u0107i broj ljudi prelazi na elektri\u010dna vozila zbog njihove ekolo\u0161ke prihvatljivosti i ni\u017ee cijene goriva. Me\u0111utim, jedan od izazova koji se javljaju kod vlasni\u0161tva nad elektri\u010dnim vozilima je pronalazak mjesta za punjenje. Upravo zato, nudimo vam prodaju i ugradnju punja\u010da za elektri\u010dna vozila, kablova za punjenje elektri\u010dnih vozila i kablova [&hellip;]<\/p>\n","protected":false},"author":1,"featured_media":0,"parent":0,"menu_order":0,"comment_status":"closed","ping_status":"closed","template":"","meta":{"om_disable_all_campaigns":false,"_monsterinsights_skip_tracking":false,"_monsterinsights_sitenote_active":false,"_monsterinsights_sitenote_note":"","_monsterinsights_sitenote_category":0,"footnotes":""},"class_list":["post-692","page","type-page","status-publish","hentry","entry"],"aioseo_notices":[],"jetpack_sharing_enabled":true,"_links":{"self":[{"href":"https:\/\/fortnet.hr\/index.php\/wp-json\/wp\/v2\/pages\/692","targetHints":{"allow":["GET"]}}],"collection":[{"href":"https:\/\/fortnet.hr\/index.php\/wp-json\/wp\/v2\/pages"}],"about":[{"href":"https:\/\/fortnet.hr\/index.php\/wp-json\/wp\/v2\/types\/page"}],"author":[{"embeddable":true,"href":"https:\/\/fortnet.hr\/index.php\/wp-json\/wp\/v2\/users\/1"}],"replies":[{"embeddable":true,"href":"https:\/\/fortnet.hr\/index.php\/wp-json\/wp\/v2\/comments?post=692"}],"version-history":[{"count":14,"href":"https:\/\/fortnet.hr\/index.php\/wp-json\/wp\/v2\/pages\/692\/revisions"}],"predecessor-version":[{"id":878,"href":"https:\/\/fortnet.hr\/index.php\/wp-json\/wp\/v2\/pages\/692\/revisions\/878"}],"wp:attachment":[{"href":"https:\/\/fortnet.hr\/index.php\/wp-json\/wp\/v2\/media?parent=692"}],"curies":[{"name":"wp","href":"https:\/\/api.w.org\/{rel}","templated":true}]}}